at is d + -5a88e6?
-5a88d8
In base 2, what is 11 - -111111101011011010000110?
111111101011011010001001
In base 13, what is 174b45 - -27?
174b6c
In base 13, what is 41 - 637b?
-633a
In base 13, what is 235c6b - -43?
235cb1
In base 10, what is 518558 - 300?
518258
In base 15, what is -1ba - -c737?
c56c
In base 10, what is 40 + 645183?
645223
In base 4, what is -20131003 - -11220?
-20113123
In base 3, what is 12 - -120101101211220?
120101101212002
In base 10, what is 11 + 1846728?
1846739
In base 5, what is -22404 + 2224411?
2202002
In base 2, what is -101001001001111011101010 - -10?
-101001001001111011101000
In base 13, what is -522 - 29749?
-29c6b
In base 5, what is -10 - -11131020042?
11131020032
In base 3, what is -100100020 + 10111?
-100012202
In base 12, what is -8093844 + -20?
-8093864
In base 15, what is 0 - -2924?
2924
In base 3, what is 11020 - 101210221201?
-101210210111
In base 4, what is 1112232331 + -100?
1112232231
In base 4, what is -1320 - -31113022?
31111102
In base 15, what is -156bc08e - -1?
-156bc08d
In base 15, what is 56322c + 5?
563232
In base 13, what is 1140 - 852?
5bb
In base 7, what is 22042 + -4116?
14623
In base 13, what is -5 + -181a6294?
-181a6299
In base 15, what is -3 + -4380e40?
-4380e43
In base 13, what is -5 + -5811b6?
-5811bb
In base 6, what is 1502050 - 303?
1501343
In base 12, what is -2 - 55797780?
-55797782
In base 12, what is -706950 + 54?
-7068b8
In base 2, what is 101 + -101100111101001000110?
-101100111101001000001
In base 6, what is -1133 + 2230044?
2224511
In base 13, what is b - -1734?
1742
In base 7, what is -620 - -15612?
14662
In base 16, what is -45 - -1109b?
11056
In base 5, what is -2113310103 - -3?
-2113310100
In base 7, what is 22140565 - -15?
22140613
In base 4, what is -33331203 + 1102223?
-32222320
In base 6, what is 505044 + 5232?
514320
In base 6, what is 202244410 + -33?
202244333
In base 8, what is 4620 + -1715452?
-1710632
In base 3, what is 22102021002210 + 0?
22102021002210
In base 16, what is 12ab91 - a?
12ab87
In base 12, what is -54a31 + 29?
-54a04
In base 8, what is 2610342 + 21?
2610363
In base 7, what is 1423 + 114063?
115516
In base 3, what is -122000 - 201112?
-1100112
In base 5, what is -3201121 - -10241?
-3140330
In base 13, what is c4b18c + 5b?
c4b21a
In base 13, what is 13876c - -34?
1387a3
In base 7, what is 223 + 3624?
4150
In base 13, what is c0 + -14c49?
-14b59
In base 14, what is -2166 - -dd?
-2067
In base 13, what is -3 + c356c?
c3569
In base 3, what is -21010001222110120 + 11?
-21010001222110102
In base 5, what is 223303 - -1323002?
2101310
In base 3, what is -10210121 - -11222211120?
11212000222
In base 9, what is 7445342 + -2?
7445340
In base 14, what is -11 - d6971?
-d6982
In base 14, what is 3 - -2678a03?
2678a06
In base 12, what is -1540549 - -3?
-1540546
In base 11, what is 911581 - 41?
911540
In base 6, what is -112514513 - -210?
-112514303
In base 12, what is -31a1235 - 10?
-31a1245
In base 8, what is 1076563 + 75?
1076660
In base 2, what is -10010010101101100010 - 11010110?
-10010010110000111000
In base 2, what is -11 + -111000110100001001001111001?
-111000110100001001001111100
In base 9, what is 113 - 112070?
-111856
In base 5, what is 310234 + -1142?
304042
In base 11, what is 349957 + 6a?
349a16
In base 7, what is -11 - -163421552?
163421541
In base 5, what is -1123401000 + -423?
-1123401423
In base 4, what is 2223201 - -132010?
3021211
In base 6, what is -3 + 3044550212?
3044550205
In base 11, what is -2332 - -4621?
229a
In base 16, what is 514c3 + -582?
50f41
In base 10, what is 908 + 2284?
3192
In base 7, what is 134 - 2616262?
-2616125
In base 10, what is 59823 + 304?
60127
In base 9, what is 1 - 1285318?
-1285317
In base 16, what is -a8c1c - 47?
-a8c63
In base 14, what is -19 + -214d6?
-21511
In base 9, what is 0 - -1776764?
1776764
In base 7, what is -35166 + 135305?
100106
In base 16, what is -14a - f0c67?
-f0db1
In base 9, what is -7480434 - 31?
-7480465
In base 11, what is -20 + 3373a1?
337381
In base 8, what is 611 - 351353?
-350542
In base 7, what is -20 - -151511426?
151511406
In base 6, what is -254250 - -40?
-254210
In base 3, what is -21122 + -21011121002?
-21011212201
In base 6, what is 3333504 - 1101?
3332403
In base 12, what is 2 + -31464?
-31462
In base 11, what is 488 - -335051?
335529
In base 13, what is -1 - 2108772?
-2108773
In base 9, what is 561 - -287347?
288018
In base 6, what is 1250421 + 13?
1250434
In base 3, what is -122 + -1101011110122202?
-1101011110200101
In base 2, what is 1000001011001010100 - -111000?
1000001011010001100
In base 14, what is -3471a25 + 4?
-3471a21
In base 12, what is -6463b - b6b?
-655aa
In base 15, what is 52e3e4 + -4?
52e3e0
In base 5, what is -202223321 + -30?
-202223401
In base 9, what is -63266 + 1830?
-61336
In base 13, what is 9b - 8cb1a3?
-8cb105
In base 9, what is 724 - 8863?
-8138
In base 10, what is -10 - 157839?
-157849
In base 8, what is 1642 + -42531?
-40667
In base 12, what is 54 - 3497?
-3443
In base 5, what is 240142 + -223443?
11144
In base 3, what is 121011022211 - -1112?
121011101100
In base 5, what is 23 + -43431321040?
-43431321012
In base 6, what is -13115232 - 4?
-13115240
In base 15, what is 29 + 915639?
915663
In base 10, what is -24920 + -15470?
-40390
In base 16, what is 2b553f + -23?
2b551c
In base 8, what is -3346 + -314047?
-317415
In base 16, what is -7 - -cf5fc4?
cf5fbd
In base 14, what is 23cd - 9c?
2331
In base 7, what is 10 - -123333502?
123333512
In base 3, what is -121002021 - 1221010?
-200000101
In base 16, what is 6094 - 2e?
6066
In base 10, what is 7920274 + -4?
7920270
In base 14, what is 10 + 16518d?
16519d
In base 7, what is -602 + -260446?
-261351
In base 8, what is -1522 - -502736?
501214
In base 4, what is 11121111 - -1112002?
12233113
In base 6, what is 415225050 - -3?
415225053
In base 15, what is 2dc60 - -49?
2dca9
In base 3, what is -1201102200221 - -2212?
-1201102121002
In base 7, what is -1105466360 - -3?
-1105466354
In base 12, what is -b13b21a0 + 2?
-b13b219a
In base 5, what is 32342403020 + -3?
32342403012
In base 8, what is -31153366 - -113?
-31153253
In base 14, what is b072761 + 3?
b072764
In base 2, what is 0 + 100111010100001111?
100111010100001111
In base 12, what is 59b3 + -426b?
1744
In base 7, what is -1 + -2520030?
-2520031
In base 8, what is -427062 - 0?
-427062
In base 5, what is -11424042 - -330?
-11423212
In base 13, what is 138 - -aa95?
ac00
In base 9, what is 177825 - -2045?
180871
In base 14, what is -38708a4 + 3?
-38708a1
In base 7, what is 31315 + -1145?
30140
In base 9, what is -1250482 - 12?
-1250504
In base 10, what is -30 + -10798554?
-10798584
In base 8, what is 12 + -5633136?
-5633124
In base 10, what is -2993992 - -2?
-2993990
In base 14, what is 4d5ba1 + 16?
4d5bb7
In base 12, what is -6841b + -5?
-68424
In base 9, what is -4176468 + -15?
-4176484
In base 14, what is d + 32a7b6?
32a7c5
In base 9, what is 6863316 + -1?
6863315
In base 16, what is -99795 - -1f?
-99776
In base 12, what is 2 - 3363b766?
-3363b764
In base 5, what is -4024 + -1023034?
-1032113
In base 14, what is -a0750 - 91?
-a0801
In base 10, what is 1 - -2599233?
2599234
In base 14, what is -324b - 2d41?
-618c
In base 14, what is -73974 - -6?
-7396c
In base 16, what is -2 + 1c4526?
1c4524
In base 3, what is 122011002201022210 - -2?
122011002201022212
In base 8, what is 5 + -2512645?
-2512640
In base 10, what is -2 + 24648486?
24648484
In base 2, what is 10 + -1010101111011001010100110?
-1010101111011001010100100
In base 12, what is -27b + -a2296?
-a2555
In base 4, what is -22012322213 - -12?
-22012322201
In base 6, what is 12 + -113403243?
-113403231
In base 13, what is 1575 + -6332?
-4a8a
In base 14, what is -1857 - 93?
-190a
In base 13, what is 3 - 6a7b0a3?
-6a7b0a0
In base 14, what is -40847 - 3?
-4084a
In base 5, what is 1313 - -13301114?
13302432
In base 5, what is 0 + -10423440104?
-10423440104
In base 4, what is 1331 + -13311312?
-13303321
In base 13, what is 5648 - -811?
6159
In base 2, what is -1 + 10101100101100010100110?
10101100101100010100101
In base 11, what is -139 + 19524?
19396
In base 11, what is -199254 + -1?
-199255
In base 6, what is 0 + 1233512551?
1233512551
In base 14, what is -3450 + 350?
-3100
In base 5, what is 10330 - -